 is the units digit of 499804076?
6
What is the units digit of 2716796937?
7
What is the tens digit of 165334342?
4
What is the hundreds digit of 41122244?
2
What is the tens digit of 7888321086?
8
What is the hundred millions digit of 1696008303?
6
What is the thousands digit of 1086318680?
8
What is the ten millions digit of 839934944?
3
What is the thousands digit of 55443223?
3
What is the thousands digit of 1946033815?
3
What is the ten millions digit of 1533633945?
3
What is the ten millions digit of 24474182?
2
What is the millions digit of 992196580?
2
What is the hundreds digit of 207719282?
2
What is the ten millions digit of 92682813?
9
What is the ten thousands digit of 3839846898?
4
What is the hundred thousands digit of 764688309?
6
What is the thousands digit of 6388819313?
9
What is the hundred thousands digit of 1735167?
7
What is the millions digit of 875794803?
5
What is the units digit of 86133480?
0
What is the hundred thousands digit of 100389299?
3
What is the ten thousands digit of 120500749?
0
What is the ten millions digit of 2755833696?
5
What is the tens digit of 21572766?
6
What is the billions digit of 2096875303?
2
What is the thousands digit of 10029904?
9
What is the tens digit of 782350521?
2
What is the tens digit of 62292207?
0
What is the ten millions digit of 318686138?
1
What is the thousands digit of 235964575?
4
What is the thousands digit of 4492374409?
4
What is the hundred millions digit of 116319011?
1
What is the millions digit of 31326969?
1
What is the hundred thousands digit of 1242302778?
3
What is the ten thousands digit of 50064248?
6
What is the ten thousands digit of 501707804?
0
What is the hundred millions digit of 283129310?
2
What is the tens digit of 410664108?
0
What is the hundred millions digit of 2507169749?
5
What is the units digit of 3964418892?
2
What is the thousands digit of 5807481643?
1
What is the hundred thousands digit of 44696020?
6
What is the millions digit of 57957456?
7
What is the millions digit of 240670190?
0
What is the tens digit of 18039852?
5
What is the units digit of 470669755?
5
What is the ten millions digit of 31972167?
3
What is the ten thousands digit of 1473180362?
8
What is the ten millions digit of 4778255976?
7
What is the ten millions digit of 376458650?
7
What is the ten thousands digit of 1852840703?
4
What is the units digit of 140792296?
6
What is the ten thousands digit of 8672210?
7
What is the millions digit of 53656451?
3
What is the hundred thousands digit of 132444105?
4
What is the units digit of 50358212?
2
What is the ten millions digit of 121716060?
2
What is the hundred millions digit of 1446026950?
4
What is the ten thousands digit of 141406199?
0
What is the thousands digit of 5685994402?
4
What is the ten millions digit of 48476517?
4
What is the millions digit of 2784295290?
4
What is the ten millions digit of 144406357?
4
What is the billions digit of 5761048465?
5
What is the units digit of 43316773?
3
What is the hundreds digit of 39911017?
0
What is the ten millions digit of 769862566?
6
What is the millions digit of 104435730?
4
What is the thousands digit of 1491404117?
4
What is the hundreds digit of 967813206?
2
What is the hundred millions digit of 2850031261?
8
What is the millions digit of 3402513208?
2
What is the hundred millions digit of 1134819492?
1
What is the tens digit of 156685408?
0
What is the hundred millions digit of 186731973?
1
What is the units digit of 3209216418?
8
What is the hundred millions digit of 973328136?
9
What is the hundred thousands digit of 444875981?
8
What is the hundreds digit of 942333803?
8
What is the tens digit of 9554070?
7
What is the millions digit of 102607884?
2
What is the hundreds digit of 43527428?
4
What is the tens digit of 1200349554?
5
What is the hundreds digit of 521993922?
9
What is the tens digit of 340946265?
6
What is the units digit of 806648714?
4
What is the hundred thousands digit of 94212225?
2
What is the ten thousands digit of 140064844?
6
What is the hundred thousands digit of 36030789?
0
What is the units digit of 26628048?
8
What is the hundred thousands digit of 818336960?
3
What is the hundreds digit of 2612503758?
7
What is the units digit of 48210468?
8
What is the hundreds digit of 6213854?
8
What is the thousands digit of 158569550?
9
What is the hundred thousands digit of 15505823?
5
What is the units digit of 70899547?
7
What is the tens digit of 142507176?
7
What is the units digit of 73818475?
5
What is the ten millions digit of 229231485?
2
What is the ten thousands digit of 39521933?
2
What is the ten millions digit of 46341672?
4
What is the units digit of 120651932?
2
What is the billions digit of 2847423319?
2
What is the hundred thousands digit of 546500816?
5
What is the units digit of 16916126?
6
What is the ten thousands digit of 36751354?
5
What is the thousands digit of 857845733?
5
What is the ten millions digit of 803649265?
0
What is the millions digit of 17553371?
7
What is the hundred millions digit of 819336576?
8
What is the ten millions digit of 289163981?
8
What is the hundreds digit of 166568036?
0
What is the hundreds digit of 23055129?
1
What is the tens digit of 1167632028?
2
What is the tens digit of 153540264?
6
What is the hundred millions digit of 4912491617?
9
What is the thousands digit of 14983981?
3
What is the billions digit of 2160517448?
2
What is the ten thousands digit of 23284824?
8
What is the ten millions digit of 26766668?
2
What is the millions digit of 1017607143?
7
What is the hundred thousands digit of 1834257663?
2
What is the tens digit of 49305439?
3
What is the hundreds digit of 62501427?
4
What is the hundred thousands digit of 1979789833?
7
What is the ten millions digit of 29381472?
2
What is the thousands digit of 175071954?
1
What is the hundreds digit of 968190375?
3
What is the tens digit of 259427446?
4
What is the thousands digit of 1485260835?
0
What is the hundreds digit of 2483099578?
5
What is the units digit of 880431014?
4
What is the ten thousands digit of 103501664?
0
What is the units digit of 1058971647?
7
What is the millions digit of 2778218470?
8
What is the thousands digit of 709073375?
3
What is the millions digit of 191490195?
1
What is the ten thousands digit of 1507222049?
2
What is the thousands digit of 26537071?
7
What is the hundreds digit of 63226457?
4
What is the ten thousands digit of 4934223609?
2
What is the hundred millions digit of 362469231?
3
What is the ten thousands digit of 5607962800?
6
What is the ten thousands digit of 46088574?
8
What is the millions digit of 13577175?
3
What is the hundreds digit of 338508802?
8
What is the thousands digit of 88421639?
1
What is the ten millions digit of 170831706?
7
What is the tens digit of 1329810684?
8
What is the ten millions digit of 129544581?
2
What is the millions digit of 125225953?
5
What is the thousands digit of 261088355?
8
What is the thousands digit of 874460979?
0
What is the hundreds digit of 2074971019?
0
What is the hundred millions digit of 344079079?
3
What is the tens digit of 24058560?
6
What is the millions digit of 88508474?
8
What is the millions digit of 619815678?
9
What is the hundreds digit of 138315762?
7
What is the hundred thousands digit of 243372328?
3
What is the hundreds digit of 38686987?
9
What is the hundreds digit of 1064498312?
3
What is the ten millions digit of 142452616?
4
What is the tens digit of 2508886437?
3
What is the hundreds digit of 1854305291?
2
What is the thousands digit of 1222042601?
2
What is the ten millions digit of 1820633363?
2
What is the ten thousands digit of 2464112?
6
What is the ten millions digit of 891002744?
9
What is the hundred thousands digit of 9307923320?
9
What is the units digit of 48636835?
5
What is the hundred thousands digit of 1425711604?
7
What is the hundreds digit of 71081414?
4
What is the hundred thousands digit of 1009397481?
3
What is the hundred millions digit of 1530782631?
5
What is the ten millions digit of 151352351?
5
What is the billions digit of 1913983718?
1
What is the units digit of 511338120?
0
What is the millions digit of 187623212?
7
What is the tens digit of 18441715?
1
What is the tens digit of 113027